50 + 1175. What is the hundreds digit of f?
3
What is the thousands digit of (-611)/(-26)*12*8?
2
Let f(l) = 8. Let r(m) = m + 16. Let s(q) = 7*f(q) - 3*r(q). Let j be s(9). Let b = -13 - j. What is the units digit of b?
6
Suppose 5*z - z = w + 15, -z - 3*w = 6. Suppose z*c - 139 = -28. Let g = c - 19. What is the tens digit of g?
1
Let f(o) = -6*o - 11. Let p(l) = -2*l - 5. Let z be p(0). What is the tens digit of f(z)?
1
What is the units digit of (-33)/(-15)*-5 - -4098?
7
Let g be 2 + -5 + (-12)/(-4). Suppose -28 = -4*c + 4*i, g = 3*c - 2*i + 2 - 21. Suppose 3*u - 17 = -c*x + 1, 0 = 2*u + x - 12. What is the units digit of u?
6
Suppose 25 = 4*o - 3*k, -60 = -7*o + 2*o - 2*k. Suppose 3*z + 4*i - 152 = -z, -5*i + o = 0. What is the tens digit of z?
3
Suppose 7 = 4*n + 27, -4*x + n + 25 = 0. Let o(j) = -3*j + 13*j - 3 + j**2 + 0*j - 7*j. What is the units digit of o(x)?
7
Let a = -217 + 359. Suppose -3*g + 173 = -a. What is the units digit of g?
5
Let t be (-78)/4 - (-2)/(-4). Let f be (-54)/45*t/3. Let j = 9 - f. What is the units digit of j?
1
Suppose 0 = 6*y - 3*y - 12255. What is the units digit of y/45 + (-40)/(-18) + -2?
1
Suppose -5*l - 5*x + 8200 = 0, 4*x - 1214 = 2*l - 4524. What is the hundreds digit of l?
6
Let c = -935 + 1434. What is the hundreds digit of c?
4
Let k = 285 + 31. What is the units digit of k?
6
Let p = 13 - 14. Let x be (p + 1)/(5 - 8). Let d(z) = -z**2 + z + 5. What is the units digit of d(x)?
5
Let p(y) = y + 16. Let g be p(-11). Suppose -g*z = d + 36, d = 5*z - 2*z - 12. What is the units digit of -5*(-3)/((-9)/d)?
5
Let l(v) = -6*v**2 + 3*v - 6. Let m be l(3). Let d = m - -270. What is the tens digit of d?
1
Suppose 4*u - 2*u = -2. Let n(g) = -g**2 + 1. Let x(r) = 48*r**2 - 2. Let i(p) = 3*n(p) + x(p). What is the tens digit of i(u)?
4
Let i(r) = 35*r + 1. Let d(w) = 52*w + 1. Let x(t) = -5*d(t) + 7*i(t). Let s be (-8)/(-60) - ((-3906)/(-135))/7. What is the units digit of x(s)?
2
What is the tens digit of (-38)/(-95) + 196*54/15?
0
What is the units digit of (506 - -2) + (4 - 0)?
2
Let i(f) = 25*f + 4. Let j be -6*(55/(-10) + 5). What is the units digit of i(j)?
9
Suppose 37*b - 30*b = 5488. What is the hundreds digit of b?
7
Let q(x) be the third derivative of -x**4/6 - 5*x**3/6 - 3*x**2. Suppose -20 = 2*w - 0*c - 5*c, -c = 2*w + 8. What is the tens digit of q(w)?
1
Suppose 15*w - 6204 = 7806. What is the tens digit of w?
3
Let j(d) = -6*d - 31. Let f be j(-6). What is the units digit of f/(7 - 2) - -15?
6
Let u = 1 - -9. Suppose u*p - 131 = 39. What is the tens digit of p?
1
Let d(s) = -3*s - 20. Let t be d(-8). Suppose -2*b - 100 = -3*b + t*c, 4 = -4*c. What is the units digit of b?
6
Let y = 29 + -27. Suppose -2*k - 457 = 5*x + 2118, y*x + 6469 = -5*k. What is the units digit of (-2)/8 - k/28?
6
Let s(d) = 18*d + 12. Let y be s(-11). Suppose 0 = -2*q - 3*f - 522, 3*q + 5*f + 685 = -98. Let v = y - q. What is the tens digit of v?
7
Let n = -27 - -30. Suppose n*t + 178 = 5*u + 4*t, -t = -u + 38. What is the units digit of u?
6
Let g(q) = q + 2. Let p(i) = i**3 - i**2 - i + 3. Let s be p(0). Let n be g(s). Suppose 4*v = -12, x - 5*x = -n*v - 95. What is the units digit of x?
0
Suppose -4*d - 2*q = -9*d + 1335, 0 = 3*q - 15. What is the hundreds digit of d?
2
What is the units digit of ((-218)/1)/((-3)/3)?
8
Suppose -6727 = -15*g + 923. What is the tens digit of g?
1
Let c(i) = 97*i + 198. What is the hundreds digit of c(13)?
4
Let f(u) = u**2 - 8*u - 32. Let o be f(-4). Let g = 257 - o. What is the units digit of g?
1
Let i = 15 - 14. Let v be i + (391 - -2)/3. Suppose -v = -3*k - 45. What is the units digit of k?
9
What is the units digit of (-3 + 0)*17248/(-42)?
2
Suppose 4*p = -4*c + 2*p - 10, 4*c = 3*p - 15. Let f be 6 - c/6*-4. Suppose -f*u = 3*u - 406. What is the units digit of u?
8
Let c(k) = -k**2 + 6*k - 6. Let t be c(5). Let d be (-3)/(-3) - 3/t. Suppose -x = -d*g + 158, 3*g = x - 0*x + 118. What is the units digit of g?
0
Let i = 21 - 16. Suppose -3*g = -i*g + 172. What is the tens digit of g?
8
Let a(y) = -3*y - 19. Let f be a(-13). Let n = 91 - f. Let q = 107 - n. What is the units digit of q?
6
Let b = 32 - 30. Suppose b*v - 7*v + 275 = 0. What is the units digit of v?
5
Let h be 258 + 1 + 1 + (-4)/(-2). Suppose -6*g + 5*a = -2*g - h, -5*a + 242 = 4*g. What is the units digit of g?
3
Let v be 2/8 - 1527/12. Let j(b) = -79*b**2 - 4*b - 6. Let a be j(-1). Let y = a - v. What is the tens digit of y?
4
Let t(f) = -f**2 + 6*f - 4. Let p be t(4). Let d be p*(2/(-1) + 1). What is the units digit of d + (15 - -4) - 2?
3
Suppose -3*v = 5*n - 275, -4*v + 5*n + 92 = -298. What is the tens digit of v?
9
Suppose 24*b + 58875 = 143955. What is the hundreds digit of b?
5
Let n(b) = 1132*b**2 + 3*b + 2. What is the tens digit of n(-1)?
3
Let v = 2 - -1. Suppose -336 - 141 = -v*c. What is the hundreds digit of c?
1
Let c = 28 - -152. What is the tens digit of c?
8
Let h(l) = l**3 + 7*l**2 - 20*l - 114. Let t be h(-8). Suppose 5*m - 50 = -2*g, 13 = m - 0*m + g. Let q = m - t. What is the units digit of q?
6
Suppose 4*x - 4*a + 28 = 0, -15*a = -10*a - 20. Suppose 0 = 3*z - 3 - 21. Let o = x + z. What is the units digit of o?
5
Let v be (14/(-8))/(3/(-12)). Let r = v + -7. Let u = r - -4. What is the units digit of u?
4
Let i(j) = j**2 - 4*j + 15. Suppose -5*z + 0*n - 4*n = -38, -n = 5*z - 32. What is the units digit of i(z)?
7
Let d = 1 - -2. Let m be (4/(-1))/4*13. What is the units digit of (d + -5 + 1)*m?
3
Let o(k) = 7*k + 107. What is the hundreds digit of o(0)?
1
Suppose 111492 = 53*k - 17*k. What is the hundreds digit of k?
0
Suppose -23*j = -17*j - 2340. What is the tens digit of j?
9
Let p(l) = 37*l**2 - l. What is the tens digit of p(-4)?
9
Let x = -47 + 3. What is the units digit of (3 - x) + -4 + 1?
4
Let k(w) = 59*w**2 - 10*w + 7. What is the tens digit of k(2)?
2
Suppose 3*n = 5*n - 1542. What is the tens digit of 16/56 + n/21?
3
Let p = -19 - -17. What is the units digit of 6*(p - 5/(-2))?
3
What is the hundreds digit of 995 - 45/((-45)/(-9))?
9
Suppose -8*c = -5*c - 6. Suppose 5*u - 3*n - 291 = 0, 0*u + 114 = c*u - 2*n. Suppose -4*o = 4*g - u, -3*o + 0*g - 4*g = -41. What is the tens digit of o?
1
Suppose 6*t - 11*t + 10 = 0. Suppose -5*m = -a - 16, 0 = -3*m + 2*m - 5*a - t. Suppose 5*q - 47 = -3*d, -d + 14 = -m*q - 11. What is the tens digit of d?
1
What is the tens digit of (-545)/(-10)*(-8 + 16)?
3
Let z(r) = 2*r - 8. Let k be z(5). Suppose 2*f = 2*x - 146, -5*x - k*f = 2*f - 365. What is the units digit of x?
3
Let q be 3/((-3)/(-83) - 0). Suppose 2*a - a = -4*o - q, -4*o = 4*a + 80. Let n = o - -32. What is the units digit of n?
1
Let y(z) = -z + 4. Let l be y(2). Suppose -4*d - 870 = -3*g - d, l*d + 867 = 3*g. What is the tens digit of g?
8
Let d(b) = 160*b - 64. What is the hundreds digit of d(21)?
2
Suppose -9*o = -15 - 21. Suppose 272 = 3*j + 2*d, -o*j - j = -d - 475. What is the tens digit of j?
9
Let p(i) = -i**3 + 4*i**2 - 7*i + 16. Let s be p(3). Let c(z) = 5*z**3 + 1. Let r be c(-1). What is the units digit of s + 4 + -1 + r?
3
Let d be -1 - ((-28)/6)/((-1)/105). Let s = -221 - d. What is the units digit of s?
0
Suppose -3*c - 46920 = -37*c. What is the tens digit of c?
8
Suppose 3*m + 4 = 8*m + 3*a, -m + a - 4 = 0. Let i be m*20/(2 - 6). Suppose -20 = -z + 4*y, i*z + y + y - 78 = 0. What is the units digit of z?
6
Let r = -4 + 2. Let i be 40*(-2 + 7 + r). Suppose x = -2*x + i. What is the units digit of x?
0
What is the hundreds digit of 3516/14 - ((-18)/(-63))/2?
2
Suppose -187 = -f - 4*n, 0 = -f + 5*n + 117 + 97. What is the tens digit of f?
9
Let r be (26/(-24)*-3)/((-1)/(-4)). What is the units digit of r/(8/2 + -3)?
3
Let x(b) be the third derivative of b**4/4 - 5*b**3/2 + 164*b**2. Let s be 7 + -1*(1 - 2). What is the tens digit of x(s)?
3
Let c(p) = -3*p - 3. Let m be c(-5). What is the tens digit of (-8)/m*1*-102?
6
Suppose 944 = 4*q + 2*s, -236 = -q + 11*s - 12*s. What is the hundreds digit of q?
2
Suppose 0 = 3*w - 22 - 845. What is the units digit of w?
9
Let t be 1 + (1*-575 - 0). Suppose 0 = 2*d + 5*r + 44, d - 3*r - r + 48 = 0. What is the units digit of t/(-10) + d/80?
7
Let n(y) = y**2 + 14*y + 82. What is the units digit of n(13)?
3
Let a(n) = n**3 - 3*n**2 + 2*